{"id":9732,"date":"2024-07-19T12:32:48","date_gmt":"2024-07-19T15:32:48","guid":{"rendered":"https:\/\/ingenieriagyaspa.cl\/?page_id=9732"},"modified":"2024-07-19T14:16:01","modified_gmt":"2024-07-19T17:16:01","slug":"novedades","status":"publish","type":"page","link":"https:\/\/ingenieriagyaspa.cl\/index.php\/novedades\/","title":{"rendered":"Novedades"},"content":{"rendered":"<section class=\"l-section wpb_row height_auto\"><div class=\"l-section-h i-cf\"><div class=\"g-cols vc_row via_flex valign_top type_default stacking_default\"><div class=\"vc_col-sm-12 wpb_column vc_column_container\"><div class=\"vc_column-inner\"><div class=\"wpb_wrapper\"><div class=\"w-separator size_medium\"><\/div><div class=\"wpb_text_column us_custom_73072578 has_text_color\"><div class=\"wpb_wrapper\"><h2 style=\"text-align: center;\"><strong>NOVEDADES<\/strong><\/h2>\n<\/div><\/div><\/div><\/div><\/div><\/div><\/div><\/section><section class=\"l-section wpb_row height_custom\"><div class=\"l-section-h i-cf\"><div class=\"g-cols vc_row via_flex valign_top type_default stacking_default\"><div class=\"vc_col-sm-12 wpb_column vc_column_container\"><div class=\"vc_column-inner\"><div class=\"wpb_wrapper\"><div class=\"w-grid type_grid layout_9760 cols_3 with_css_animation\" id=\"us_grid_1\" style=\"--gap:1.5rem;\" data-filterable=\"true\"><style>@media (max-width:1024px){#us_grid_1 .w-grid-item{width:50%}}@media (max-width:600px){#us_grid_1 .w-grid-list{margin:0}#us_grid_1 .w-grid-item{width:100%;padding:0;margin-bottom:var(--gap,0px)}}.layout_9760 .w-grid-item-h{}.layout_9760 .usg_post_title_1{font-size:1.4rem!important;font-weight:700!important;height:91px!important;margin-bottom:0.5rem!important}.layout_9760 .usg_hwrapper_1{color:var(--color-content-faded)!important;font-size:0.9rem!important}.layout_9760 .usg_post_taxonomy_1{font-weight:700!important;text-transform:uppercase!important}.layout_9760 .usg_post_image_1{margin-top:0.7rem!important}.layout_9760 .usg_post_content_1{max-width:600px!important;margin-top:0.8rem!important}@media (min-width:1025px) and (max-width:1280px){.layout_9760 .usg_post_title_1{height:91px!important}}@media (max-width:600px){.layout_9760 .usg_post_title_1{font-size:1.2rem!important}}<\/style><div class=\"w-grid-list\">\t<article class=\"w-grid-item us_animate_fade size_1x1 post-9753 post type-post status-publish format-standard has-post-thumbnail hentry category-novedades\" data-id=\"9753\" style=\"animation-delay:0s\">\r\n\t\t<div class=\"w-grid-item-h\">\r\n\t\t\t\t\t\t<h2 class=\"w-post-elm post_title usg_post_title_1 entry-title color_link_inherit\"><a href=\"https:\/\/ingenieriagyaspa.cl\/index.php\/soluciones-avanzadas-en-sistemas-de-extraccion-y-ventilacion\/\">SISTEMAS DE EXTRACCI\u00d3N Y VENTILACI\u00d3N<\/a><\/h2><div class=\"w-hwrapper usg_hwrapper_1 has_text_color align_none valign_top wrap\"><div class=\"w-post-elm post_taxonomy usg_post_taxonomy_1 style_simple\"><a class=\"term-116 term-novedades\" href=\"https:\/\/ingenieriagyaspa.cl\/index.php\/category\/novedades\/\">Novedades<\/a><\/div><time class=\"w-post-elm post_date usg_post_date_1 entry-date published\" datetime=\"2024-07-19T12:58:29-03:00\" title=\"19 julio 2024 a las 12:58:29 -03:00\">hace 2 a\u00f1os<\/time><\/div><div class=\"w-post-elm post_image usg_post_image_1 stretched\"><a href=\"https:\/\/ingenieriagyaspa.cl\/index.php\/soluciones-avanzadas-en-sistemas-de-extraccion-y-ventilacion\/\" aria-label=\"SISTEMAS DE EXTRACCI\u00d3N Y VENTILACI\u00d3N\"><img loading=\"lazy\" decoding=\"async\" width=\"1024\" height=\"683\" src=\"https:\/\/ingenieriagyaspa.cl\/wp-content\/uploads\/2024\/07\/SOLUCIONES-AVANZADAS-EN-SISTEMAS-DE-EXTRACCION-Y-VENTILACION-1024x683.jpg\" class=\"attachment-large size-large wp-post-image\" alt=\"\" srcset=\"https:\/\/ingenieriagyaspa.cl\/wp-content\/uploads\/2024\/07\/SOLUCIONES-AVANZADAS-EN-SISTEMAS-DE-EXTRACCION-Y-VENTILACION-1024x683.jpg 1024w, https:\/\/ingenieriagyaspa.cl\/wp-content\/uploads\/2024\/07\/SOLUCIONES-AVANZADAS-EN-SISTEMAS-DE-EXTRACCION-Y-VENTILACION-300x200.jpg 300w, https:\/\/ingenieriagyaspa.cl\/wp-content\/uploads\/2024\/07\/SOLUCIONES-AVANZADAS-EN-SISTEMAS-DE-EXTRACCION-Y-VENTILACION-600x400.jpg 600w, https:\/\/ingenieriagyaspa.cl\/wp-content\/uploads\/2024\/07\/SOLUCIONES-AVANZADAS-EN-SISTEMAS-DE-EXTRACCION-Y-VENTILACION.jpg 1464w\" sizes=\"(max-width: 1024px) 100vw, 1024px\" \/><\/a><\/div><div class=\"w-post-elm post_content usg_post_content_1\">En Ingenier\u00eda GYA S.A., ofrecemos soluciones especializadas en sistemas de extracci\u00f3n y ventilaci\u00f3n que aseguran ambientes seguros, saludables y eficientes en una variedad de entornos industriales y comerciales. Nuestro compromiso&hellip;<\/div>\t\t<\/div>\r\n\t\t\t<\/article>\r\n\t<article class=\"w-grid-item us_animate_fade size_1x1 post-9750 post type-post status-publish format-standard has-post-thumbnail hentry category-novedades\" data-id=\"9750\" style=\"animation-delay:0.1s\">\r\n\t\t<div class=\"w-grid-item-h\">\r\n\t\t\t\t\t\t<h2 class=\"w-post-elm post_title usg_post_title_1 entry-title color_link_inherit\"><a href=\"https:\/\/ingenieriagyaspa.cl\/index.php\/soluciones-avanzadas-en-aire-acondicionado-y-climatizacion\/\">SOLUCIONES AVANZADAS EN AIRE ACONDICIONADO Y CLIMATIZACI\u00d3N<\/a><\/h2><div class=\"w-hwrapper usg_hwrapper_1 has_text_color align_none valign_top wrap\"><div class=\"w-post-elm post_taxonomy usg_post_taxonomy_1 style_simple\"><a class=\"term-116 term-novedades\" href=\"https:\/\/ingenieriagyaspa.cl\/index.php\/category\/novedades\/\">Novedades<\/a><\/div><time class=\"w-post-elm post_date usg_post_date_1 entry-date published\" datetime=\"2024-07-19T12:55:43-03:00\" title=\"19 julio 2024 a las 12:55:43 -03:00\">hace 2 a\u00f1os<\/time><\/div><div class=\"w-post-elm post_image usg_post_image_1 stretched\"><a href=\"https:\/\/ingenieriagyaspa.cl\/index.php\/soluciones-avanzadas-en-aire-acondicionado-y-climatizacion\/\" aria-label=\"SOLUCIONES AVANZADAS EN AIRE ACONDICIONADO Y CLIMATIZACI\u00d3N\"><img loading=\"lazy\" decoding=\"async\" width=\"1024\" height=\"683\" src=\"https:\/\/ingenieriagyaspa.cl\/wp-content\/uploads\/2024\/07\/SOLUCIONES-AVANZADAS-EN-AIRE-ACONDICIONADO-Y-CLIMATIZACION-1024x683.jpg\" class=\"attachment-large size-large wp-post-image\" alt=\"\" srcset=\"https:\/\/ingenieriagyaspa.cl\/wp-content\/uploads\/2024\/07\/SOLUCIONES-AVANZADAS-EN-AIRE-ACONDICIONADO-Y-CLIMATIZACION-1024x683.jpg 1024w, https:\/\/ingenieriagyaspa.cl\/wp-content\/uploads\/2024\/07\/SOLUCIONES-AVANZADAS-EN-AIRE-ACONDICIONADO-Y-CLIMATIZACION-300x200.jpg 300w, https:\/\/ingenieriagyaspa.cl\/wp-content\/uploads\/2024\/07\/SOLUCIONES-AVANZADAS-EN-AIRE-ACONDICIONADO-Y-CLIMATIZACION-600x400.jpg 600w, https:\/\/ingenieriagyaspa.cl\/wp-content\/uploads\/2024\/07\/SOLUCIONES-AVANZADAS-EN-AIRE-ACONDICIONADO-Y-CLIMATIZACION.jpg 1465w\" sizes=\"(max-width: 1024px) 100vw, 1024px\" \/><\/a><\/div><div class=\"w-post-elm post_content usg_post_content_1\">En Ingenier\u00eda GYA S.A., nos especializamos en ofrecer soluciones completas en aire acondicionado y climatizaci\u00f3n que garantizan ambientes confortables y eficientes tanto en entornos residenciales como comerciales. Nuestro compromiso con&hellip;<\/div>\t\t<\/div>\r\n\t\t\t<\/article>\r\n\t<article class=\"w-grid-item us_animate_fade size_1x1 post-9747 post type-post status-publish format-standard has-post-thumbnail hentry category-novedades\" data-id=\"9747\" style=\"animation-delay:0.2s\">\r\n\t\t<div class=\"w-grid-item-h\">\r\n\t\t\t\t\t\t<h2 class=\"w-post-elm post_title usg_post_title_1 entry-title color_link_inherit\"><a href=\"https:\/\/ingenieriagyaspa.cl\/index.php\/expertise-en-equipos-y-sistemas-de-refrigeracion\/\">EXPERTISE EN EQUIPOS Y SISTEMAS DE REFRIGERACI\u00d3N<\/a><\/h2><div class=\"w-hwrapper usg_hwrapper_1 has_text_color align_none valign_top wrap\"><div class=\"w-post-elm post_taxonomy usg_post_taxonomy_1 style_simple\"><a class=\"term-116 term-novedades\" href=\"https:\/\/ingenieriagyaspa.cl\/index.php\/category\/novedades\/\">Novedades<\/a><\/div><time class=\"w-post-elm post_date usg_post_date_1 entry-date published\" datetime=\"2024-07-19T12:53:49-03:00\" title=\"19 julio 2024 a las 12:53:49 -03:00\">hace 2 a\u00f1os<\/time><\/div><div class=\"w-post-elm post_image usg_post_image_1 stretched\"><a href=\"https:\/\/ingenieriagyaspa.cl\/index.php\/expertise-en-equipos-y-sistemas-de-refrigeracion\/\" aria-label=\"EXPERTISE EN EQUIPOS Y SISTEMAS DE REFRIGERACI\u00d3N\"><img loading=\"lazy\" decoding=\"async\" width=\"1024\" height=\"683\" src=\"https:\/\/ingenieriagyaspa.cl\/wp-content\/uploads\/2024\/07\/EXPERTISE-EN-EQUIPOS-Y-SISTEMAS-DE-REFRIGERACION-1024x683.jpg\" class=\"attachment-large size-large wp-post-image\" alt=\"\" srcset=\"https:\/\/ingenieriagyaspa.cl\/wp-content\/uploads\/2024\/07\/EXPERTISE-EN-EQUIPOS-Y-SISTEMAS-DE-REFRIGERACION-1024x683.jpg 1024w, https:\/\/ingenieriagyaspa.cl\/wp-content\/uploads\/2024\/07\/EXPERTISE-EN-EQUIPOS-Y-SISTEMAS-DE-REFRIGERACION-300x200.jpg 300w, https:\/\/ingenieriagyaspa.cl\/wp-content\/uploads\/2024\/07\/EXPERTISE-EN-EQUIPOS-Y-SISTEMAS-DE-REFRIGERACION-600x400.jpg 600w, https:\/\/ingenieriagyaspa.cl\/wp-content\/uploads\/2024\/07\/EXPERTISE-EN-EQUIPOS-Y-SISTEMAS-DE-REFRIGERACION.jpg 1464w\" sizes=\"(max-width: 1024px) 100vw, 1024px\" \/><\/a><\/div><div class=\"w-post-elm post_content usg_post_content_1\">En Ingenier\u00eda GYA S.A., nos especializamos en proporcionar soluciones avanzadas en equipos y sistemas de refrigeraci\u00f3n que cumplen con los m\u00e1s altos est\u00e1ndares de calidad y eficiencia. Nuestra experiencia abarca&hellip;<\/div>\t\t<\/div>\r\n\t\t\t<\/article>\r\n\t<article class=\"w-grid-item us_animate_fade size_1x1 post-9734 post type-post status-publish format-standard has-post-thumbnail hentry category-novedades\" data-id=\"9734\" style=\"animation-delay:0.3s\">\r\n\t\t<div class=\"w-grid-item-h\">\r\n\t\t\t\t\t\t<h2 class=\"w-post-elm post_title usg_post_title_1 entry-title color_link_inherit\"><a href=\"https:\/\/ingenieriagyaspa.cl\/index.php\/especialistas-en-refrigeracion-industrial\/\">ESPECIALISTAS EN REFRIGERACI\u00d3N INDUSTRIAL<\/a><\/h2><div class=\"w-hwrapper usg_hwrapper_1 has_text_color align_none valign_top wrap\"><div class=\"w-post-elm post_taxonomy usg_post_taxonomy_1 style_simple\"><a class=\"term-116 term-novedades\" href=\"https:\/\/ingenieriagyaspa.cl\/index.php\/category\/novedades\/\">Novedades<\/a><\/div><time class=\"w-post-elm post_date usg_post_date_1 entry-date published\" datetime=\"2024-07-19T12:39:34-03:00\" title=\"19 julio 2024 a las 12:39:34 -03:00\">hace 2 a\u00f1os<\/time><\/div><div class=\"w-post-elm post_image usg_post_image_1 stretched\"><a href=\"https:\/\/ingenieriagyaspa.cl\/index.php\/especialistas-en-refrigeracion-industrial\/\" aria-label=\"ESPECIALISTAS EN REFRIGERACI\u00d3N INDUSTRIAL\"><img loading=\"lazy\" decoding=\"async\" width=\"1024\" height=\"683\" src=\"https:\/\/ingenieriagyaspa.cl\/wp-content\/uploads\/2024\/07\/GYA-S.A.-ESPECIALISTAS-EN-REFRIGERACION-INDUSTRIAL-1024x683.jpg\" class=\"attachment-large size-large wp-post-image\" alt=\"\" srcset=\"https:\/\/ingenieriagyaspa.cl\/wp-content\/uploads\/2024\/07\/GYA-S.A.-ESPECIALISTAS-EN-REFRIGERACION-INDUSTRIAL-1024x683.jpg 1024w, https:\/\/ingenieriagyaspa.cl\/wp-content\/uploads\/2024\/07\/GYA-S.A.-ESPECIALISTAS-EN-REFRIGERACION-INDUSTRIAL-300x200.jpg 300w, https:\/\/ingenieriagyaspa.cl\/wp-content\/uploads\/2024\/07\/GYA-S.A.-ESPECIALISTAS-EN-REFRIGERACION-INDUSTRIAL-600x400.jpg 600w, https:\/\/ingenieriagyaspa.cl\/wp-content\/uploads\/2024\/07\/GYA-S.A.-ESPECIALISTAS-EN-REFRIGERACION-INDUSTRIAL.jpg 1464w\" sizes=\"(max-width: 1024px) 100vw, 1024px\" \/><\/a><\/div><div class=\"w-post-elm post_content usg_post_content_1\">En Ingenier\u00eda GYA S.A., nos dedicamos a ofrecer soluciones integrales en refrigeraci\u00f3n industrial y comercial, garantizando la m\u00e1s alta calidad y eficiencia en cada proyecto. Nuestro compromiso con la excelencia&hellip;<\/div>\t\t<\/div>\r\n\t\t\t<\/article>\r\n<\/div><div class=\"w-grid-preloader\">\t<div class=\"g-preloader type_1\">\r\n\t\t<div><\/div>\r\n\t<\/div>\r\n\t<\/div>\t<div class=\"w-grid-json hidden\" onclick='return {&quot;action&quot;:&quot;us_ajax_grid&quot;,&quot;infinite_scroll&quot;:0,&quot;max_num_pages&quot;:1,&quot;pagination&quot;:&quot;none&quot;,&quot;template_vars&quot;:{&quot;columns&quot;:&quot;3&quot;,&quot;exclude_items&quot;:&quot;none&quot;,&quot;img_size&quot;:&quot;default&quot;,&quot;ignore_items_size&quot;:0,&quot;items_layout&quot;:&quot;9760&quot;,&quot;items_offset&quot;:&quot;1&quot;,&quot;load_animation&quot;:&quot;fade&quot;,&quot;overriding_link&quot;:&quot;%7B%22url%22%3A%22%22%7D&quot;,&quot;post_id&quot;:0,&quot;query_args&quot;:{&quot;post_type&quot;:[&quot;post&quot;],&quot;tax_query&quot;:[{&quot;taxonomy&quot;:&quot;category&quot;,&quot;field&quot;:&quot;slug&quot;,&quot;terms&quot;:[&quot;novedades&quot;]}],&quot;post_status&quot;:[&quot;publish&quot;,&quot;acf-disabled&quot;],&quot;posts_per_page&quot;:&quot;10&quot;},&quot;orderby_query_args&quot;:{&quot;orderby&quot;:{&quot;date&quot;:&quot;DESC&quot;}},&quot;type&quot;:&quot;grid&quot;,&quot;us_grid_post_type&quot;:&quot;post&quot;,&quot;us_grid_ajax_index&quot;:1,&quot;us_grid_filter_params&quot;:[],&quot;us_grid_index&quot;:1,&quot;page_args&quot;:[]}}'><\/div>\r\n\t<\/div><\/div><\/div><\/div><\/div><\/div><\/section>\n","protected":false},"excerpt":{"rendered":"En Ingenier\u00eda GYA S.A., nos dedicamos a ofrecer soluciones integrales en refrigeraci\u00f3n industrial y comercial, garantizando la m\u00e1s alta calidad y eficiencia en cada proyecto. Nuestro compromiso con la excelencia nos ha posicionado como l\u00edderes en el mercado, proporcionando servicios especializados que abarcan desde el dise\u00f1o hasta la implementaci\u00f3n y mantenimiento de sistemas de refrigeraci\u00f3n...","protected":false},"author":3,"featured_media":0,"parent":0,"menu_order":0,"comment_status":"closed","ping_status":"closed","template":"","meta":{"footnotes":""},"class_list":["post-9732","page","type-page","status-publish","hentry"],"acf":[],"_links":{"self":[{"href":"https:\/\/ingenieriagyaspa.cl\/index.php\/wp-json\/wp\/v2\/pages\/9732"}],"collection":[{"href":"https:\/\/ingenieriagyaspa.cl\/index.php\/wp-json\/wp\/v2\/pages"}],"about":[{"href":"https:\/\/ingenieriagyaspa.cl\/index.php\/wp-json\/wp\/v2\/types\/page"}],"author":[{"embeddable":true,"href":"https:\/\/ingenieriagyaspa.cl\/index.php\/wp-json\/wp\/v2\/users\/3"}],"replies":[{"embeddable":true,"href":"https:\/\/ingenieriagyaspa.cl\/index.php\/wp-json\/wp\/v2\/comments?post=9732"}],"version-history":[{"count":12,"href":"https:\/\/ingenieriagyaspa.cl\/index.php\/wp-json\/wp\/v2\/pages\/9732\/revisions"}],"predecessor-version":[{"id":9768,"href":"https:\/\/ingenieriagyaspa.cl\/index.php\/wp-json\/wp\/v2\/pages\/9732\/revisions\/9768"}],"wp:attachment":[{"href":"https:\/\/ingenieriagyaspa.cl\/index.php\/wp-json\/wp\/v2\/media?parent=9732"}],"curies":[{"name":"wp","href":"https:\/\/api.w.org\/{rel}","templated":true}]}}