{"id":9104,"date":"2023-03-21T20:00:20","date_gmt":"2023-03-21T20:00:20","guid":{"rendered":"http:\/\/bioplagas.srtv.cl\/?page_id=9104"},"modified":"2026-04-21T06:14:18","modified_gmt":"2026-04-21T09:14:18","slug":"quienes-somos","status":"publish","type":"page","link":"https:\/\/ingenieriagyaspa.cl\/index.php\/quienes-somos\/","title":{"rendered":"Quienes Somos"},"content":{"rendered":"<section class=\"l-section wpb_row us_custom_8a3c403a height_auto\"><div class=\"l-section-h i-cf\"><div class=\"g-cols vc_row via_flex valign_top type_default stacking_default\"><div class=\"vc_col-sm-6 wpb_column vc_column_container hide_on_mobiles has_bg_color\"><div class=\"vc_column-inner us_custom_1f30ae19\"><div class=\"wpb_wrapper\"><\/div><\/div><\/div><div class=\"vc_col-sm-6 wpb_column vc_column_container\"><div class=\"vc_column-inner\"><div class=\"wpb_wrapper\"><div class=\"w-separator size_huge\"><\/div><div class=\"w-separator size_huge\"><\/div><div class=\"wpb_text_column us_custom_2cffe564 has_text_color\"><div class=\"wpb_wrapper\"><h1 style=\"text-align: center;\"><strong>QUI\u00c9NES SOMOS<\/strong><\/h1>\n<\/div><\/div><div class=\"w-separator size_medium\"><\/div><div class=\"wpb_text_column\"><div class=\"wpb_wrapper\"><h6 style=\"text-align: center;\">Ingenier\u00eda Termodin\u00e1mica Gonz\u00e1lez y Almonacid SPA. cuenta con 29 a\u00f1os activos en el rubro de la refrigeraci\u00f3n y climatizaci\u00f3n, dedicada <a href=\"https:\/\/coolzinocasino.com.es\/\">https:\/\/coolzinocasino.com.es\/<\/a> al servicio t\u00e9cnico especializado, venta, instalaci\u00f3n y mantenci\u00f3n de aires acondicionados en todas sus capacidades<\/h6>\n<\/div><\/div><div class=\"w-separator size_huge\"><\/div><div class=\"w-separator size_huge\"><\/div><\/div><\/div><\/div><\/div><\/div><\/section><section class=\"l-section wpb_row height_auto\"><div class=\"l-section-h i-cf\"><div class=\"g-cols vc_row via_flex valign_top type_default stacking_default\"><div class=\"vc_col-sm-12 wpb_column vc_column_container\"><div class=\"vc_column-inner\"><div class=\"wpb_wrapper\"><div class=\"w-separator size_huge\"><\/div><div class=\"w-separator size_huge\"><\/div><div class=\"w-separator size_large\"><\/div><\/div><\/div><\/div><div class=\"vc_col-sm-3 wpb_column vc_column_container\"><div class=\"vc_column-inner us_custom_60a03e76\"><div class=\"wpb_wrapper\"><div class=\"w-vwrapper us_custom_139b500c ica has_text_color align_center valign_middle\"><div class=\"w-image us_custom_08f31346 align_center\"><div class=\"w-image-h\"><img decoding=\"async\" width=\"630\" height=\"421\" src=\"https:\/\/ingenieriagyaspa.cl\/wp-content\/uploads\/2024\/05\/REDISENO-GYASPA-19.png\" class=\"attachment-full size-full\" alt=\"Industrial\" loading=\"lazy\" srcset=\"https:\/\/ingenieriagyaspa.cl\/wp-content\/uploads\/2024\/05\/REDISENO-GYASPA-19.png 630w, https:\/\/ingenieriagyaspa.cl\/wp-content\/uploads\/2024\/05\/REDISENO-GYASPA-19-300x200.png 300w, https:\/\/ingenieriagyaspa.cl\/wp-content\/uploads\/2024\/05\/REDISENO-GYASPA-19-600x401.png 600w\" sizes=\"(max-width: 630px) 100vw, 630px\" \/><\/div><\/div><div class=\"wpb_text_column\"><div class=\"wpb_wrapper\"><h6 style=\"text-align: center;\">Industrial<\/h6>\n<\/div><\/div><div class=\"w-separator size_small\"><\/div><div class=\"w-image us_custom_08f31346 align_center\"><div class=\"w-image-h\"><img decoding=\"async\" width=\"598\" height=\"609\" src=\"https:\/\/ingenieriagyaspa.cl\/wp-content\/uploads\/2024\/05\/REDISENO-GYASPA-20.png\" class=\"attachment-full size-full\" alt=\"Central\" loading=\"lazy\" srcset=\"https:\/\/ingenieriagyaspa.cl\/wp-content\/uploads\/2024\/05\/REDISENO-GYASPA-20.png 598w, https:\/\/ingenieriagyaspa.cl\/wp-content\/uploads\/2024\/05\/REDISENO-GYASPA-20-295x300.png 295w\" sizes=\"(max-width: 598px) 100vw, 598px\" \/><\/div><\/div><div class=\"wpb_text_column\"><div class=\"wpb_wrapper\"><h6 style=\"text-align: center;\">Central<\/h6>\n<\/div><\/div><div class=\"w-separator size_small\"><\/div><div class=\"w-image us_custom_08f31346 align_center\"><div class=\"w-image-h\"><img decoding=\"async\" width=\"622\" height=\"551\" src=\"https:\/\/ingenieriagyaspa.cl\/wp-content\/uploads\/2024\/05\/REDISENO-GYASPA-21.png\" class=\"attachment-full size-full\" alt=\"Aire Acondicionado\" loading=\"lazy\" srcset=\"https:\/\/ingenieriagyaspa.cl\/wp-content\/uploads\/2024\/05\/REDISENO-GYASPA-21.png 622w, https:\/\/ingenieriagyaspa.cl\/wp-content\/uploads\/2024\/05\/REDISENO-GYASPA-21-300x266.png 300w, https:\/\/ingenieriagyaspa.cl\/wp-content\/uploads\/2024\/05\/REDISENO-GYASPA-21-600x532.png 600w\" sizes=\"(max-width: 622px) 100vw, 622px\" \/><\/div><\/div><div class=\"wpb_text_column\"><div class=\"wpb_wrapper\"><h6 style=\"text-align: center;\">Aire acondicionado<\/h6>\n<\/div><\/div><\/div><\/div><\/div><\/div><div class=\"vc_col-sm-3 wpb_column vc_column_container\"><div class=\"vc_column-inner us_custom_60a03e76\"><div class=\"wpb_wrapper\"><div class=\"w-vwrapper us_custom_6df4bc3a has_text_color align_center valign_middle\"><div class=\"w-image us_custom_8dada0a9 mvfimg align_center\"><div class=\"w-image-h\"><img decoding=\"async\" width=\"438\" height=\"438\" src=\"https:\/\/ingenieriagyaspa.cl\/wp-content\/uploads\/2024\/05\/REDISENO-GYASPA-24.png\" class=\"attachment-full size-full\" alt=\"Misi\u00f3n\" loading=\"lazy\" srcset=\"https:\/\/ingenieriagyaspa.cl\/wp-content\/uploads\/2024\/05\/REDISENO-GYASPA-24.png 438w, https:\/\/ingenieriagyaspa.cl\/wp-content\/uploads\/2024\/05\/REDISENO-GYASPA-24-300x300.png 300w, https:\/\/ingenieriagyaspa.cl\/wp-content\/uploads\/2024\/05\/REDISENO-GYASPA-24-150x150.png 150w\" sizes=\"(max-width: 438px) 100vw, 438px\" \/><\/div><\/div><div class=\"wpb_text_column us_custom_887b75e4 mvftxt\"><div class=\"wpb_wrapper\"><p style=\"text-align: center;\"><strong>MISI\u00d3N<\/strong><\/p>\n<p style=\"text-align: center;\">Ser la empresa l\u00edder en soluciones de refrigeraci\u00f3n, satisfaciendo las necesidades de nuestros clientes, brind\u00e1ndoles un producto de calidad y con un excelente servicio.<\/p>\n<\/div><\/div><\/div><\/div><\/div><\/div><div class=\"vc_col-sm-3 wpb_column vc_column_container\"><div class=\"vc_column-inner us_custom_60a03e76\"><div class=\"wpb_wrapper\"><div class=\"w-vwrapper us_custom_6df4bc3a has_text_color align_center valign_middle\"><div class=\"w-image us_custom_8dada0a9 mvfimg align_center\"><div class=\"w-image-h\"><img decoding=\"async\" width=\"429\" height=\"429\" src=\"https:\/\/ingenieriagyaspa.cl\/wp-content\/uploads\/2024\/05\/REDISENO-GYASPA-23.png\" class=\"attachment-full size-full\" alt=\"Visi\u00f3n\" loading=\"lazy\" srcset=\"https:\/\/ingenieriagyaspa.cl\/wp-content\/uploads\/2024\/05\/REDISENO-GYASPA-23.png 429w, https:\/\/ingenieriagyaspa.cl\/wp-content\/uploads\/2024\/05\/REDISENO-GYASPA-23-300x300.png 300w, https:\/\/ingenieriagyaspa.cl\/wp-content\/uploads\/2024\/05\/REDISENO-GYASPA-23-150x150.png 150w\" sizes=\"(max-width: 429px) 100vw, 429px\" \/><\/div><\/div><div class=\"wpb_text_column us_custom_887b75e4 mvftxt\"><div class=\"wpb_wrapper\"><p style=\"text-align: center;\"><strong>VISI\u00d3N<\/strong><\/p>\n<p style=\"text-align: center;\">Ser la mejor opci\u00f3n en cumplimiento de entrega, calidad en servicios y post venta.<\/p>\n<\/div><\/div><\/div><\/div><\/div><\/div><div class=\"vc_col-sm-3 wpb_column vc_column_container\"><div class=\"vc_column-inner us_custom_60a03e76\"><div class=\"wpb_wrapper\"><div class=\"w-vwrapper us_custom_6df4bc3a has_text_color align_center valign_middle\"><div class=\"w-image us_custom_fa77f7e3 mvfimg align_center\"><div class=\"w-image-h\"><img decoding=\"async\" width=\"459\" height=\"459\" src=\"https:\/\/ingenieriagyaspa.cl\/wp-content\/uploads\/2024\/05\/REDISENO-GYASPA-22.png\" class=\"attachment-full size-full\" alt=\"Fortalezas\" loading=\"lazy\" srcset=\"https:\/\/ingenieriagyaspa.cl\/wp-content\/uploads\/2024\/05\/REDISENO-GYASPA-22.png 459w, https:\/\/ingenieriagyaspa.cl\/wp-content\/uploads\/2024\/05\/REDISENO-GYASPA-22-300x300.png 300w, https:\/\/ingenieriagyaspa.cl\/wp-content\/uploads\/2024\/05\/REDISENO-GYASPA-22-150x150.png 150w\" sizes=\"(max-width: 459px) 100vw, 459px\" \/><\/div><\/div><div class=\"wpb_text_column us_custom_887b75e4 mvftxt\"><div class=\"wpb_wrapper\"><p style=\"text-align: center;\"><strong>FORTALEZAS<\/strong><\/p>\n<p style=\"text-align: center;\">Trato personalizado de calidad, responsabilidad y experiencia en el sector.<\/p>\n<\/div><\/div><\/div><\/div><\/div><\/div><div class=\"vc_col-sm-12 wpb_column vc_column_container\"><div class=\"vc_column-inner\"><div class=\"wpb_wrapper\"><div class=\"w-separator size_huge\"><\/div><div class=\"w-separator size_huge\"><\/div><\/div><\/div><\/div><\/div><\/div><\/section>\n","protected":false},"excerpt":{"rendered":"QUI\u00c9NES SOMOS Ingenier\u00eda Termodin\u00e1mica Gonz\u00e1lez y Almonacid SPA. cuenta con 29 a\u00f1os activos en el rubro de la refrigeraci\u00f3n y climatizaci\u00f3n, dedicada https:\/\/coolzinocasino.com.es\/ al servicio t\u00e9cnico especializado, venta, instalaci\u00f3n y mantenci\u00f3n de aires acondicionados en todas sus capacidades Industrial Central Aire acondicionado MISI\u00d3N Ser la empresa l\u00edder en soluciones de refrigeraci\u00f3n, satisfaciendo las necesidades de...","protected":false},"author":3,"featured_media":0,"parent":0,"menu_order":0,"comment_status":"closed","ping_status":"closed","template":"","meta":{"footnotes":""},"class_list":["post-9104","page","type-page","status-publish","hentry"],"acf":[],"_links":{"self":[{"href":"https:\/\/ingenieriagyaspa.cl\/index.php\/wp-json\/wp\/v2\/pages\/9104"}],"collection":[{"href":"https:\/\/ingenieriagyaspa.cl\/index.php\/wp-json\/wp\/v2\/pages"}],"about":[{"href":"https:\/\/ingenieriagyaspa.cl\/index.php\/wp-json\/wp\/v2\/types\/page"}],"author":[{"embeddable":true,"href":"https:\/\/ingenieriagyaspa.cl\/index.php\/wp-json\/wp\/v2\/users\/3"}],"replies":[{"embeddable":true,"href":"https:\/\/ingenieriagyaspa.cl\/index.php\/wp-json\/wp\/v2\/comments?post=9104"}],"version-history":[{"count":21,"href":"https:\/\/ingenieriagyaspa.cl\/index.php\/wp-json\/wp\/v2\/pages\/9104\/revisions"}],"predecessor-version":[{"id":106318,"href":"https:\/\/ingenieriagyaspa.cl\/index.php\/wp-json\/wp\/v2\/pages\/9104\/revisions\/106318"}],"wp:attachment":[{"href":"https:\/\/ingenieriagyaspa.cl\/index.php\/wp-json\/wp\/v2\/media?parent=9104"}],"curies":[{"name":"wp","href":"https:\/\/api.w.org\/{rel}","templated":true}]}}